8. What is the highest common factor of 198 and r?
18
Let y be (-11 - 57)/(-1 + -1). What is the greatest common factor of y and 646?
34
Let b(f) = 20*f**2 - 12*f - 11. Let o be b(-1). Calculate the highest common divisor of o and 105.
21
Let y = 104 + -268. Let s = y - 22. Let z be (-1)/(-3) - s/9. Calculate the highest common divisor of 14 and z.
7
Let i(f) = 3*f - 20. Let u be i(14). Let m(a) = a**2 - 22*a + 24. Let r be m(u). Calculate the highest common divisor of 8 and r.
8
Let i be 8/6 - (-8)/12. Suppose -i*c + 472 = 2*c. Let v = c + -68. Calculate the highest common factor of 125 and v.
25
Suppose -8*c = -136 - 24. Suppose -2*o = -4*o + c. What is the highest common factor of o and 25?
5
Suppose -4*s + 846 = 66. Suppose -3*y = 27 - s. Suppose y = 2*i - 34. Calculate the greatest common factor of i and 15.
15
Suppose 0 = -d - 2*k + 51, -3*d - 10*k + 11*k + 132 = 0. What is the greatest common divisor of d and 5?
5
Let l(g) = -4*g + 56. Let q be l(13). Calculate the greatest common factor of 4 and q.
4
Let y be 155 + (-54)/8 + 21/(-84). Calculate the greatest common divisor of 333 and y.
37
Let d = -2 - -12. Let i be ((-72)/30)/((-4)/d). Let n be 4*3*(-2 + i). What is the highest common divisor of 12 and n?
12
Suppose 50 = a - 26. Let l be (-4 + 36/8)*8. Suppose 0*h - l*h - 103 = -5*t, h = -5*t + 93. Calculate the highest common divisor of a and t.
19
Let b(q) = q**2 + 2*q - 11. Let i be b(12). Let o = i - 97. Suppose 2*t = -5*x + 4 + 20, 3*x - o = -5*t. What is the greatest common factor of t and 12?
12
Let q(g) = g**3 - 5*g**2 - 7*g + 5. Let c be q(5). Let p be ((-1)/2)/(3/c). Let b be (-3)/2*40/(-6). Calculate the highest common factor of p and b.
5
Let j(m) = -71*m + 2. Let v be j(-2). Let s be 4 + 0 - (-34)/(-1). Let l = -12 - s. Calculate the highest common divisor of v and l.
18
Suppose -3*k + 99 = -2*b, -k - 4*b + 9 + 38 = 0. Suppose -23*a + 24*a - k = 0. What is the greatest common divisor of 14 and a?
7
Suppose 5*y + 19 - 49 = 0. Suppose -2 = -y*s + 5*s. Suppose -s*j - 6 = 0, -k + 68 = 4*j - 181. What is the greatest common factor of 29 and k?
29
Let w(m) = m**2 - 4*m - 2. Let z be w(8). Let j = 19 - z. Let y be j/(1 + (-27)/24). What is the highest common factor of y and 11?
11
Let r = 2557 - 2480. What is the greatest common factor of 33 and r?
11
Suppose 4*s + 1 + 3 = 2*o, -o + s + 2 = 0. Suppose -o*n - 2 = -48. Suppose -4*j + 690 = 2*j. What is the greatest common divisor of n and j?
23
Suppose -2*y + 990 = 4*x, -13*x + 12*x = 0. What is the highest common divisor of y and 198?
99
Suppose 4*k = -b + 103, 6*b - 2*b = 4*k - 108. Suppose -2*w = -3*w + 13. Calculate the highest common divisor of w and k.
13
Let p(r) = -r**3 + 14*r**2 + 36*r - 7. Let u be p(16). Let j = 69 - u. Calculate the greatest common divisor of 60 and j.
12
Suppose 0 = 2*l - 0 + 20. Let g be (5/l + 0)*-4. What is the highest common factor of g and 1?
1
Suppose 4*q - 9*q = 165. Let u = q + 70. Calculate the highest common factor of u and 259.
37
Let f = 1402 - 1366. What is the greatest common factor of f and 1278?
18
Suppose 3*c = -2*i + 1423, -5*c + 2775 - 378 = -3*i. What is the highest common factor of 45 and c?
9
Let a = 160 - 115. Calculate the greatest common factor of 225 and a.
45
Let d = -54 - -173. Let q = -911 + 928. Calculate the greatest common divisor of q and d.
17
Suppose 0 = 4*h + 30 - 778. Let g be 5*(816/(-85) + 13). Calculate the greatest common divisor of h and g.
17
Let s be 2*-2*(-9)/4. Let j(y) = 1 - 11*y**3 - 16*y**2 + 26*y**2 - 4*y - 14*y**2. Let l be j(-2). Calculate the greatest common factor of l and s.
9
Suppose -23 = -d + 18. Suppose -8*v + d = -151. What is the highest common factor of v and 40?
8
Suppose -l = -6*l + 585. What is the highest common divisor of 13 and l?
13
Suppose -4504 = 36*y - 35824. What is the greatest common factor of 60 and y?
30
Let s be (0 + -1)/(3/(-84)). Suppose -5*y - 224 = -9*y. What is the highest common factor of y and s?
28
Let v be 4/(-10)*(-450)/36. Suppose -2 = -3*i + v*i + 3*o, 10 = 4*i - o. Calculate the highest common factor of i and 16.
2
Let w be (-120 - 70)*1*-1. Calculate the highest common divisor of w and 170.
10
Let n be (-1984)/(-156)*3 - 2/13. Calculate the greatest common divisor of 494 and n.
38
Suppose -7*l + 5*l - 13 = -c, -5*c - 4*l + 51 = 0. What is the greatest common factor of c and 1?
1
Let h be (-3 - 14)*(1 - 2). Let u = -467 - -484. What is the greatest common divisor of u and h?
17
Suppose 679 - 695 = -4*t. What is the highest common factor of 2 and t?
2
Let u(r) = -r**3 - 14*r**2 + 23*r - 1. Let p be u(-16). Calculate the greatest common factor of 22 and p.
11
Let f(q) = q**3 + 7*q**2 - 1. Let s be f(-7). Let a be (-25)/s + 12/((-4)/1). What is the highest common divisor of 33 and a?
11
Suppose -6*r = 2*k - 4*r - 14, -5*k - 2*r = -26. Suppose 0 = k*t - 0*t + 84. Let x be (28/t)/(2/(-24)). Calculate the greatest common factor of x and 64.
16
Suppose 4*g - 1186 = -6*y + 7*y, 4*g - 3*y - 1182 = 0. What is the greatest common factor of 33 and g?
33
Let t = -68 + 72. Let o be 4/(-10) + 6/15 + t. Calculate the greatest common factor of o and 20.
4
Let s = -209 - -232. Calculate the greatest common factor of s and 529.
23
Let x = 182 - -22. Suppose 4*l - l = -5*g + 258, -4*g - 3*l + x = 0. Suppose p - 5 = -9, -5*v + 42 = -3*p. Calculate the highest common factor of g and v.
6
Let o be 18*42/4 + 1. Let v be (-4)/14 + (-80)/(-35). Suppose -v*n - 3*n + o = 0. What is the greatest common factor of n and 19?
19
Let g be 2 + -1 + -3 + 21 + 1. Let v be 1*g/(-8)*(-32)/5. Calculate the greatest common factor of 4 and v.
4
Let i(y) = -6*y**2 - y + 4. Let v be i(-2). Let h be (-2)/9 + (-3010)/v + -2. What is the greatest common factor of 15 and h?
15
Let c be 93*(-1 - (-5)/(-15)). Let a = c + 151. What is the greatest common factor of a and 3?
3
Suppose 3*p = h + 914, 2*p - 3*p + 3*h + 294 = 0. What is the highest common divisor of p and 18?
18
Suppose 5*z - 140 = 5*h, -69 = -3*z - h + 3. Let u be (-1935)/z + 4/10. Let y be (u + 11)*(-4)/6. Calculate the greatest common divisor of 4 and y.
4
Suppose -6*k + 448 = -80. Let s = -61 + 69. What is the greatest common factor of s and k?
8
Suppose -908 = -2*m - 2*u, 14*m + 922 = 16*m - 5*u. Calculate the highest common factor of m and 48.
24
Let z = -262 + 276. What is the highest common factor of 294 and z?
14
Suppose 2*l = 4*b - 880, 4*b - 882 = 3*l - 2*l. Let s(f) = 9*f**2 + 80*f + 8. Let m be s(-9). What is the greatest common factor of b and m?
17
Let z be 4/(-30) - 15330/(-225). Suppose 0 = t + z - 212. Calculate the highest common factor of t and 16.
16
Suppose 0 = 90*y - 6265 - 485. Calculate the highest common factor of 1725 and y.
75
Suppose -4*u - 2*b + 312 = 0, -5*b + 3*b = 3*u - 232. What is the highest common divisor of 32 and u?
16
Suppose 0 = 5*v + 3*g - 149, 140*v - 157 = 135*v + g. Calculate the greatest common factor of v and 837.
31
Let b(q) = q**3 + 18*q**2 + 13*q + 17. Let j be b(-16). Suppose 0 = v + 79 - j. Calculate the greatest common factor of 22 and v.
22
Let p = -12 - -15. Calculate the greatest common divisor of 6 and p.
3
Suppose 3*p = -p. Suppose -12 + p = -2*h. Let g be (-3)/18 - (-463)/h. What is the highest common factor of g and 11?
11
Let t = -141 + 212. Let v = t + 94. What is the greatest common factor of 15 and v?
15
Let p be (-468)/(-13) - ((3 - 1) + -1). Let g(y) = -y**2 - 7*y - 9. Let c be g(-6). Let v be (-41)/c - (-2)/6. What is the greatest common divisor of p and v?
7
Suppose -b + k = -34, 18*b + 162 = 23*b - 3*k. Calculate the highest common factor of 20 and b.
10
Suppose 0 = -g + 2*z - 3*z + 53, -139 = -3*g + z. Calculate the greatest common factor of 792 and g.
24
Suppose -4*f - 4*q = 0, f + 0*f = 3*q + 16. Suppose f*h - 481 = -25. Calculate the highest common factor of 38 and h.
38
Suppose 5*t - 15 = -3*q + 6*q, 0 = 5*t - 4*q - 10. Let p(u) = 12*u - 18. Let b be p(7). What is the greatest common factor of t and b?
6
Suppose 289*l = 301*l - 576. What is the highest common factor of l and 432?
48
Let x be ((-34)/(-8))/(1/4). Suppose 11*w - 2049 - 8 = 0. Calculate the highest common factor of x and w.
17
Suppose 4*a = -3*g + 142, 5*a - 130 = a + 3*g. Let w(i) = -i**2 + 7*i - 2. Let d be w